7 + -14. What is the tens digit of p(b)?
3
Let x(m) = -m**2 - 9*m - 15. Let r be x(-6). Suppose 0 = g - r, p - g - 203 = -p. What is the units digit of p?
3
Suppose 1799 = 8*v - 81. Suppose 7*a - 872 + v = 0. What is the units digit of a?
1
Let x(r) = r**3 + 6*r**2 - 2*r - 8. Suppose -2*q + 26 = -4*u - 8, 0 = -3*u + 4*q - 38. Let d be x(u). What is the units digit of 7 + d/(8/(-6))?
4
Suppose 7952 = 9*s + 7*s. What is the tens digit of s?
9
Suppose 0 = 68*s - 75*s + 2485. What is the tens digit of s?
5
Let j(i) = 3*i - 9 + i**2 - 4 - 10*i. Let m be (-108)/(-12)*((-21)/(-9) - 1). What is the tens digit of j(m)?
4
Let v(m) = 16*m + 17. Let k(z) = -15*z - 17. Let b(o) = 3*k(o) + 2*v(o). What is the tens digit of b(-4)?
3
Let y = -13 + 9. Let w be y/18 - (-1652)/63. Suppose -w = -0*q - 2*q. What is the units digit of q?
3
Let g = 4836 + -1998. What is the hundreds digit of (-8)/7 + 1 + g/21?
1
Let v = -26 - -26. Suppose 78 = 2*l - 0*d + d, -5*l - d + 201 = v. What is the tens digit of l?
4
Suppose -t + 2*c = -124 + 1011, -3*t = c + 2633. What is the hundreds digit of ((-1)/3)/(1/t)?
2
Suppose -7*h + 2*h + 30 = 0. Let u(q) = -q**3 + 7*q**2 - 2*q - 3. Let g be u(h). Suppose 0*d + g = 3*d. What is the units digit of d?
7
Let a = -101 - -737. What is the units digit of a?
6
Let f(m) = -m - 149. Let p(w) = -37. Let u(o) = -2*f(o) + 9*p(o). Let x(b) = -3*b + 53. Let q(v) = 7*u(v) + 5*x(v). What is the tens digit of q(10)?
1
Suppose 37*d - 38*d + 110 = 0. What is the tens digit of d?
1
Let t(l) = 29*l**2 - 3*l. Let y be t(-3). What is the tens digit of ((-3)/5)/((-9)/y)?
1
Let c be ((-3)/(-2))/((-2)/(-4)). Suppose 72 = 12*w - 6*w. What is the units digit of w/(-14)*(c + -45)?
6
Let h(g) = -g + 147. What is the hundreds digit of h(-27)?
1
Let x(o) = -55*o - 1. Let i be x(1). Suppose -p - 2*n + 85 = -4*n, -332 = -4*p + 4*n. Let v = i + p. What is the units digit of v?
5
Let z be (12/(-7))/((-8)/(-56)). What is the tens digit of 4/z + 55/3?
1
Let b = -1294 - -2898. What is the units digit of b?
4
Suppose -2304 = -p + a, 2*a = -3*p - 0*a + 6902. What is the units digit of p?
2
Let j be ((-76)/57)/(2/6). What is the units digit of 3*1*102*j/(-8)?
3
Let t be (-140)/42*(-18)/(-4). What is the units digit of (378/t + 2)/((-4)/30)?
4
Let o(r) = -r**3 - 5*r**2 + 5. Let a be o(-5). Let i(m) = 2*m - 8*m - 190*m**2 + 99*m**2 + 92*m**2 + 7. What is the units digit of i(a)?
2
Let n = 1164 + -639. What is the units digit of n?
5
Suppose 0*r + 4*r = 4*u + 8, 4*r + 5*u = 53. Suppose -r - 3 = a. What is the units digit of 44/(-8)*(a - 0)?
5
Suppose -3*f + 2*o - o = -8116, -3*f + 4*o = -8101. What is the tens digit of f?
0
Suppose -4*d = -5*r - 1090, 0 = -6*d + d - 4*r + 1383. Suppose -37 = -w + 4*j, j = -5*w + 3*j + d. What is the tens digit of w?
5
Suppose -5*k + 229 = w, 7*w = 5*k + 6*w - 221. What is the units digit of k?
5
Let a(c) = c**2 + 8*c - 16. Let b be a(-10). Suppose b*k + 71 = 275. What is the tens digit of k?
5
Suppose -3*g = -2*g + 6. Let z = g + 36. What is the tens digit of z?
3
Let p = 2248 - 879. What is the thousands digit of p?
1
Let u(b) = -b**3 - b**2 + 2*b + 4. Let x be u(0). Suppose 3*m + 2*z = 89, 88 = x*m - m + z. What is the units digit of m?
9
Let i(p) = p - 19. Let f be i(19). Let b be f + 16/3*-3. What is the units digit of (8/(-3))/(b/48)?
8
Suppose 4*l - 8*l - 2*b = -1280, -3*l + 970 = -b. What is the hundreds digit of l?
3
Let g(o) = 16*o + 34. What is the hundreds digit of g(20)?
3
Let m(t) = -t**3 - 6*t**2 + 5*t - 12. Let a be m(-7). Suppose 5*p + 0*u - a*u = 6, 0 = p + 4*u - 10. Suppose 0 = -p*i + 7*i - 330. What is the tens digit of i?
6
Suppose a = 3*a. Suppose 5*v - v = -4*h + 20, -3*h - 5*v + 15 = a. Suppose -h*m + 43 = -127. What is the tens digit of m?
3
Let b(r) = -8*r + 70. Let f be b(8). Let j = f + 51. What is the units digit of j?
7
Let g(t) be the first derivative of -7*t**2/2 - 59*t - 10. What is the units digit of g(-19)?
4
Let t(h) = -h**3 + 11*h**2 + 10*h + 13. Let a be t(12). What is the tens digit of a + 33 + (1 - (2 + -1))?
2
Let r(v) = -v**3 - 3*v**2 + 4*v + 4. Let w be r(-4). Suppose 0 = -2*h + w + 2. Suppose 5*m + u = 4*u + 231, 0 = h*m - 4*u - 143. What is the units digit of m?
5
Let f(v) be the second derivative of -v**3/3 - 3*v**2 + 3*v. Let l be f(-6). Let u(s) = s**2 - 4*s + 1. What is the tens digit of u(l)?
1
Let q be 1*0/(1 + 0). Suppose 0 = -4*u + 3*r + 8, 5*r + q = -4*u + 8. Let t(j) = j**3 - j - 1. What is the units digit of t(u)?
5
Let p(r) = -2*r + 272. Let u be p(0). Suppose u = 2*a - 2. What is the tens digit of a?
3
What is the tens digit of 552706/259*(1 - 0)?
3
What is the units digit of (3 - -1*3/(-1)) + 1295?
5
Let u = -47 + 39. What is the units digit of (-2)/(-8) - (950/u - 3)?
2
Suppose -6*x - 8 = 4. Let a = x - -47. What is the units digit of a?
5
Suppose -7*i + 0 = -28. Suppose -150 = -i*r + 14. What is the tens digit of r?
4
Suppose -4 - 11 = 5*d. What is the tens digit of 13/(d + 20/6)?
3
Let f = 5239 + -3727. What is the tens digit of f?
1
Let h(w) = -22*w**3 - 3*w**2 - 2*w. Let n be h(-1). Let q = 8 + n. Suppose g - q = -2*j, 0 = -j + 5*g - g + 19. What is the tens digit of j?
1
Let r(y) = 5*y - 1. Let k(i) = -2*i - 15. Let m be k(-8). Let u be r(m). Suppose u*c + 4*s + s - 67 = 0, -4*s = -2*c + 66. What is the units digit of c?
3
Let a = 2547 + -1308. What is the units digit of a?
9
Let n(y) = y**3 - 39*y**2 - 20*y + 42. What is the hundreds digit of n(40)?
8
Let y be 440/12 - (-2)/(-3). Let l = 106 - y. What is the units digit of l?
0
Let l be (1 + (-6)/4)*-59*2. Let i = l - 44. What is the tens digit of i?
1
Let g(p) = p**2 + 6*p - 2. Let b be g(-7). Suppose -5 = 5*c + 3*k + 107, -5*k = b*c + 120. Let a = -1 - c. What is the tens digit of a?
1
Let d(p) = 7*p**3 + 3*p**2 - 2. Let x be d(-2). Let r = -14 - 57. Let n = x - r. What is the units digit of n?
5
Let q(m) = 4*m + 22*m**2 - 4*m - 2 + 0*m - 3*m. What is the tens digit of q(-2)?
9
Suppose -2*t - 2*p = 3*t + 92, -3*t - 4*p = 44. What is the units digit of ((-237)/(-15))/(-4 - 84/t)?
9
Let d(g) = 7*g**3 - 2*g**2 + 14*g - 10. Let b(z) = 13*z**3 - 5*z**2 + 27*z - 19. Let f(o) = -6*b(o) + 11*d(o). What is the tens digit of f(5)?
3
Let m(d) = 19*d**2 + 5*d - 71. What is the tens digit of m(6)?
4
Let t(o) = o**2 - 3*o - 2. Let z be t(4). Let y(l) = 4*l**2 - 2*l + 3. Let h be y(z). Let u = 33 - h. What is the units digit of u?
8
Let f(y) = y**3 + 18*y**2 + 10*y - 1. Let i(w) = w**2 + w - 1. Let p(d) = -f(d) + 6*i(d). What is the tens digit of p(-12)?
4
Let p(y) = -3*y - 5. Let i be p(-6). Let z be 0/((-6 + 0)/6). Let u = z + i. What is the units digit of u?
3
Let u(f) = 3*f**3 + 3*f**2 + 9*f - 3. Let m(x) = 2*x**3 + x**2 + 4*x - 2. Let t(o) = 7*m(o) - 4*u(o). What is the units digit of t(5)?
3
Let k(a) = 36*a**2 + 2*a - 21. What is the units digit of k(-3)?
7
Let z = -227 + 387. Suppose 4*k + 108 = 2*l, 3*l - k - 4*k - z = 0. What is the units digit of l?
0
Let d = 2 - 2. Suppose -2*u + 14 - 8 = d. Suppose a + 5*c = -a + 27, a = -u*c + 15. What is the units digit of a?
6
Let s(w) = -w**3 + 17*w**2 - 19*w + 85. What is the tens digit of s(16)?
3
Suppose -4 = 5*u - 3*p, 5*p + 9 - 20 = 4*u. Let n = 15 - u. Suppose -n - 13 = -3*z. What is the units digit of z?
9
Suppose -2*f + 10 = 3*f. Suppose 3*p = 6*p. Suppose -f*n - 110 = -5*c, -2*c - 3*c - 4*n + 140 = p. What is the units digit of c?
4
Suppose 5*r = -3*q + 36, 0*q - 3*q + 3*r = -12. Let h = -313 - -317. Suppose 3*f = 4*b + 40, 9*b = -f + h*b + q. What is the tens digit of f?
1
Suppose -5*i = -k - 3747, 0*i + 3*k = -2*i + 1492. What is the tens digit of i?
4
Suppose -i - 325 = -8*z + 4*z, 4*i = 12. Let t be 5/(-20) - z/(-8). Suppose 0 = -t*n + 6*n + 80. What is the tens digit of n?
2
What is the tens digit of (0 - 2)*(-451 - (-9 + 1))?
8
Let p(j) = 2*j**2 + 3*j + 5. What is the tens digit of p(13)?
8
Suppose j - 5 = -l, -6*j = -4*l - 4*j + 8. Let f = l - -2. Let z(d) = -d**3 + 7*d**2 + 2*d - 5. What is the units digit of z(f)?
5
What is the tens digit of 3006/15*((-55)/(-10) - 3)?
0
Suppose a = 2*a + 18. Let r = 28 + a. What is the tens digit of 256/r - 26/(-65)?
2
Suppose 0 = -5*k + 1471 - 311. What is the tens digit of k?
3
Suppose -5*h + 2*a = -42, -14 = -3*a - 2. Let r be 18/2 